(-6))/(2/213) is divided by 18?
17
Let a(q) = q + 1. Let g be a(4). Suppose -g*j = -0*j - 115. Calculate the remainder when j is divided by 8.
7
Let a(g) = g**3 + 10*g**2 + 8*g - 5. Let n be a(-9). Let z be (n + 0)/((-1)/(-8)). What is the remainder when z/12*(2 - -1) is divided by 3?
2
Let l(p) = -p**2 + 6*p - 1. Let x be l(5). Suppose n = -n + x. Suppose n*y = 7 + 5. What is the remainder when 11 is divided by y?
5
Let p(g) = g**3 + g**2 + 4. Let s(n) = n + 5. Let y(k) = -3*p(k) + 2*s(k). What is the remainder when y(-3) is divided by 16?
14
What is the remainder when 18 is divided by (-4 - (-54)/9) + 8/2?
0
Suppose 0 = 4*y - 2*f - 52, 4*y + 4*f - 6 = 58. What is the remainder when 39 is divided by y?
11
Let u = -11 - -25. Let j be 1/2 - 3585/(-30). Suppose 4*m - j = m. What is the remainder when m is divided by u?
12
Let g(m) = 2*m**2 + 3*m + 1. Let r be g(-2). Let b = r - -2. Suppose -2*t - 2*d - 3 + 1 = 0, 32 = 4*t - 5*d. Calculate the remainder when b is divided by t.
2
Let u(x) = -x**3 + 5*x**2 - 2*x - 1. Let v be u(3). Suppose 5*j - 14 - 13 = -3*m, 5*j - v = m. What is the remainder when 6 is divided by m?
2
Let k(w) = 3*w**2 + 2*w + 3. Let r = 1 + 2. What is the remainder when k(r) is divided by 13?
10
Let g = 20 + -36. Let f = g - -26. What is the remainder when 57 is divided by f?
7
Let u = 96 + -67. Suppose 3*v = 127 + 125. What is the remainder when v is divided by u?
26
Let l = 56 - -18. Suppose 30 = 2*v + 4*a, -4*v - a = 2*a - 70. What is the remainder when l is divided by v?
17
Let v(g) = -34*g. Suppose 4*i - 5*w = 53, 0*i - 2*i - 4*w + 20 = 0. Calculate the remainder when v(-1) is divided by i.
10
Let a(l) = l**3 + 5*l**2 - 2*l - 2. Let k be a(-5). Let i = 14 - k. Calculate the remainder when 17 is divided by i.
5
Suppose -18*d = -17*d - 10. Calculate the remainder when 11 is divided by d.
1
Suppose -15 = -0*t - 3*t. Suppose r = -t + 20. What is the remainder when r is divided by 4?
3
Let o = 27 + -43. Let p = o - -42. What is the remainder when 103 is divided by p?
25
Let z be 0 + 2 - (0 - 0). Suppose -z*d + 47 = -21. Suppose p - d = -p. Calculate the remainder when p is divided by 6.
5
Let x be 532/12 + 2/(-6). Let d be 6 - (1 + 1) - -2. Suppose d*a - 2*a = x. Calculate the remainder when 20 is divided by a.
9
Suppose -5*h - 12 = -6*h + 5*k, 2*h + 18 = -4*k. Let s = h - -14. Calculate the remainder when 32 is divided by s.
10
Let i(n) = n**3 - 4*n**2 - 4*n + 4. Let o be i(6). Let t = o + -34. Calculate the remainder when 34 is divided by t.
16
Suppose 0 = -z - w + 75, -4*z + 3*w - 23 = -323. What is the remainder when z is divided by 26?
23
Let o(k) = k**2 + 1 + 0*k**2 - 191*k + 195*k. Calculate the remainder when o(-7) is divided by 13.
9
Suppose 0 = -g + 2. Suppose 2*a + g*a - 44 = 0. What is the remainder when 42 is divided by a?
9
Let x = -12 - -3. Let k = 1 - x. Calculate the remainder when 27 is divided by k.
7
Suppose 0 = -5*o + 5*m + 45, 5*o + m = 3*o + 24. Let d = 63 + -42. What is the remainder when d is divided by o?
10
Suppose 3*i + 2*k - 8 = 12, -5*i - 5*k = -40. Suppose 7*h - 3*h + 4 = 4*t, 1 = t. Suppose 0 = -h*l + l - 10. What is the remainder when l is divided by i?
2
Let v(f) = 2*f**2 - 4. What is the remainder when 10*(2 + 0)*2 is divided by v(3)?
12
Let u(n) = 2 + 5*n - n - 4 + 2*n. Let c be u(1). Suppose 3*o + c - 109 = 0. Calculate the remainder when o is divided by 9.
8
Let y(p) = -19*p. Calculate the remainder when y(-1) is divided by 5.
4
Suppose 0 = 21*d - 249 - 213. What is the remainder when 82 is divided by d?
16
Suppose -7 - 17 = -3*u. Suppose 4*t + u = -3*d, -2*t - 4*d - 14 = -0*t. What is the remainder when 3 is divided by t?
0
Suppose -2*h - 4*s + 5*s = -179, -2*s = -10. What is the remainder when h is divided by 24?
20
Let o = -66 - -152. Calculate the remainder when o is divided by 45.
41
Suppose -3*s - 7 + 46 = 0. Suppose -5*i = -0*i + 50. Calculate the remainder when (-76)/i*(1 + 4) is divided by s.
12
Let l be (-3)/((-3)/2 + 2). Let v(k) = -k - 2. Let j be v(l). What is the remainder when -5*((-1 - j) + 0) is divided by 9?
7
Let j(g) be the first derivative of g**4/4 + 7*g**3/3 - 3*g**2/2 - 7*g + 2. Calculate the remainder when j(-7) is divided by 8.
6
Let z(o) = -o. Let c be z(6). Let f be 9/c*2/(-3). Let k = 16 - f. What is the remainder when k is divided by 9?
6
Let l = 3 + 144. Calculate the remainder when l is divided by 37.
36
Suppose 2*a = -2*a + 3*f - 1, 0 = 2*f + 10. What is the remainder when 16 is divided by a/6 - 40/(-6)?
4
Suppose -l - 3*l - 5*y = -173, 17 = l - 4*y. Let w(b) = -b**3 + 19. Calculate the remainder when l is divided by w(0).
18
Let l = -13 + 48. What is the remainder when l is divided by 18?
17
Suppose -4 = 2*m - 12, 5*m = -3*c + 107. What is the remainder when 81 is divided by c?
23
Let r = -174 + 178. What is the remainder when 19 is divided by r?
3
Let w(b) = 0*b**2 + 0*b**2 - b**2 - 2 - 5*b. Let y be w(-4). Let q = y - 0. Calculate the remainder when 3 is divided by q.
1
Let i(j) = j**3 - 6*j**2 - 6*j - 7. Let w be i(7). Let k(x) = 5*x**2 - 2 + w - x + 0. Calculate the remainder when k(2) is divided by 6.
4
Let y be (-5913)/(-21) - 6/(-14). What is the remainder when 45 - (0 - -1 - 2) is divided by y/18 + (-2)/(-6)?
14
Suppose -6*k + 2*k + 52 = 4*a, -a + k = -13. Calculate the remainder when a is divided by 9.
4
Suppose 5*y = 3*c - 5, -3*c = -0*c - y + 11. Let o = 7 - c. Let n(m) = 3*m**2 - 4*m - 4. What is the remainder when n(-3) is divided by o?
11
Let z(n) = -n**2 + 13*n - 10. What is the remainder when 124 is divided by z(7)?
28
Suppose -3 = -5*h - 4*x, 2*h + 2*x - 3 = x. Calculate the remainder when (3 - -3)*(1 - 2/(-6)) is divided by h.
2
Let t = 118 - 48. Calculate the remainder when t is divided by 12.
10
Suppose 3*w - 4 + 10 = 0, 2*g - w = 102. Let f = g + -11. What is the remainder when f is divided by 8?
7
Let r(s) = s**2 - 17*s - 28. What is the remainder when 19 is divided by r(19)?
9
Let l = 28 - -3. What is the remainder when l is divided by 9?
4
What is the remainder when 32*3 - (-3)/(-15)*0 is divided by 9?
6
Suppose q = 2 + 13. Let i = q - -7. Suppose 3*x - 125 = t, x - 44 = -t - 1. What is the remainder when x is divided by i?
20
Let y(h) = -12*h. Let s be y(1). What is the remainder when ((-8)/s)/(2/129) is divided by (0 - (2 + -4)) + 13?
13
Let k = -12 - -22. Suppose 0 = -o + 3*o - k. What is the remainder when (-4)/14 + 186/14 is divided by o?
3
What is the remainder when 39 is divided by (-8)/(-12) - ((-176)/12)/2?
7
Let p(u) be the first derivative of u**3/3 - u**2/2 + 4*u + 7. Suppose 0 = 5*z + 18 + 2. What is the remainder when p(z) is divided by 13?
11
Suppose 1 = -o + 3. What is the remainder when o is divided by 1?
0
What is the remainder when 18 is divided by 4/10 - 48/(-5)?
8
Let k = 7 + 44. What is the remainder when k is divided by 26?
25
Suppose 5*v + 3*n + 22 = 0, 5*v + n + 20 = -4*n. Suppose 2*i - 4 = -3*p, 5 + 5 = -4*p + 5*i. Let w = p - v. Calculate the remainder when 8 is divided by w.
3
Suppose 5*m + 2*u - 300 = 0, 2*m + 3*u - 158 = -27. Calculate the remainder when m is divided by 21.
16
Calculate the remainder when (-156)/(-8) + (-3)/2 is divided by 10.
8
Suppose -g + 33 = -b - 0*b, -4*b - 166 = -5*g. Suppose -3*d + d - 2*u - 66 = 0, 15 = -5*u. Let z = 42 + d. Calculate the remainder when g is divided by z.
10
Let z(j) = -12*j - 4. Let d be z(-4). Suppose -d = -3*f + 49. What is the remainder when f is divided by 16?
15
Suppose -3*i - 2*i - 20 = 0. Suppose -5*j + 20 = -15. What is the remainder when (-46)/i - (-2)/4 is divided by j?
5
Let g(h) = 26*h - 2. What is the remainder when 46 is divided by g(1)?
22
Suppose -2*m + 6*m - 220 = 0. What is the remainder when m is divided by 14?
13
Suppose -20 = -2*x - 3*x. Suppose x*r = -28 + 100. Calculate the remainder when 53 is divided by r.
17
Let h = -32 - -42. What is the remainder when 49 is divided by h?
9
Suppose q = 5*q - 36. Calculate the remainder when 24 is divided by q.
6
Let s be (-12)/(-30) + 188/5. Suppose 5*f = -2*h + 61, f + 22 = 3*f + 2*h. Calculate the remainder when (-6)/(-3)*s/2 is divided by f.
12
Suppose -3*w = -143 + 26. Calculate the remainder when w is divided by (21/(0 + 3))/((-2)/(-4)).
11
Let x(w) = 4*w - 2. What is the remainder when x(2)